 16. Suppose -d = -3*r - 2*d + 39, 2*d = -2*r + 30. Calculate the remainder when j is divided by r.
10
Suppose -13*l = -14*l + 83. Suppose -5*f - l = -r, 6*r - 3*f - 273 = 3*r. Calculate the remainder when r is divided by 16.
13
Suppose 110*b - 1997 - 1853 = 0. Suppose -3 = -3*z, r + r + z - 279 = 0. Calculate the remainder when r is divided by b.
34
Suppose 3*v - 66 = -5*c + 2*c, -3*v + 6 = 0. Let w(z) = -7*z - 3. Suppose 2*q + 3 = -1. Calculate the remainder when c is divided by w(q).
9
Suppose s + 2*d + 0*d + 1 = 0, -6 = -3*s - 3*d. Suppose 2*h - s = 1. Suppose -8*y = -3*y - 65. What is the remainder when y is divided by h?
1
Suppose 10*x - 60 = 5*x. Let d be 3/(-3*(-3)/117). Suppose 0 = 4*z - k - d - 45, 3*z = 2*k + 58. Calculate the remainder when z is divided by x.
10
Let i(x) = -x + 9. Suppose 2*o = 5*c - 39, 3*o = 3*c - o - 29. Suppose a + 2*k = -c, 2*k + 19 = a + 2*a. Calculate the remainder when i(6) is divided by a.
0
Let w = -16 - -18. Suppose -w*g + v - 4*v + 4 = 0, 0 = 2*g + v - 8. What is the remainder when 14 is divided by g?
4
Suppose 0 = i - 4*y + 2*y - 104, i + 5*y = 83. Let r = 10 + 1. What is the remainder when i/5 - (-10)/25 is divided by r?
9
Let f be (2 - -1)/((-6)/(-8)). Suppose 2*k = 5*j + 49 + 47, -f*k + 176 = -2*j. Calculate the remainder when k is divided by 12.
7
Let j(u) = 2*u + 1. Let z be j(-6). Let g be 4/22 - 75/z. Calculate the remainder when 18 is divided by 2/(-1 + 9/g).
4
Let c = 20 - -30. Suppose -5*h + 10 = -0*h, -p - 4 = -4*h. Suppose 2*n = -p*m + 82, 12 = -m - 4*n + c. What is the remainder when 52 is divided by m?
16
Let b(p) = -p**2 - 2*p + 41. Let o be b(-13). What is the remainder when 84 is divided by (1/2)/((-207)/o + -2)?
16
Let k = -3 + -6. Calculate the remainder when 35 is divided by 0/k + (12 - 0).
11
Let t = 129 - 87. What is the remainder when 461 is divided by t?
41
Let x = -1177 + 1449. What is the remainder when x is divided by 25?
22
Let g(c) = 2*c**3 - 2*c**2 + 3*c + 77. What is the remainder when 80 is divided by g(0)?
3
Let a be (-1 + -4)*(-14)/(-5). Let m(s) = -2*s - 14. Calculate the remainder when 24 is divided by m(a).
10
Let p(x) = 2*x**2 + 14*x + 97. Calculate the remainder when 192 is divided by p(0).
95
Let z(d) = -3*d + 2. Let l be z(1). What is the remainder when -3*((-72)/2 - l) is divided by 27?
24
Let l be (-1)/(4 + (-173)/43). Suppose 13 - l = -5*g. What is the remainder when g is divided by 2?
0
Let l(n) = 27*n + 626. Calculate the remainder when 418 is divided by l(-20).
74
Suppose 330 = -4*y + 70. Let w = 9 - y. Calculate the remainder when w is divided by 19.
17
Let l be 30/8 + (-4)/(-16). Suppose 0 = -4*v - 12, 0 = 3*z - 8*z + l*v + 102. Calculate the remainder when 74 is divided by ((-57)/z)/((-3)/18).
17
Let p(t) = -t**3 - 2*t**2 - 2*t. Let y be p(-3). Suppose 20*j = y*j + 55. Calculate the remainder when 20 is divided by j.
9
Calculate the remainder when 20 is divided by 35*(-9)/225*-5.
6
Suppose 0 = -3*a - 4*g + 72, a - 3*g - 96 = -3*a. Suppose 0 = -4*n + 2*d + 116, 5*d + a = n + 2*d. Calculate the remainder when n is divided by 11.
8
Let m = -11 - -16. Suppose 5*y - 5*k - 12 = y, 5*y = -m*k + 15. Suppose -2*v + l = -45, -l = 5*v - y*l - 114. What is the remainder when 93 is divided by v?
21
Let b be 1*(3 + -4 + -1). Let i(z) be the second derivative of -7*z**3/3 + 2*z**2 + z. Calculate the remainder when i(b) is divided by 11.
10
Suppose 15*c = -46*c + 101992. What is the remainder when c is divided by 93?
91
Let y(r) = 139*r**3 + 2*r**2 - 2. What is the remainder when y(1) is divided by 51?
37
Let v(q) = -q**2 - 5*q - 4. Calculate the remainder when -2*((-18)/(-16))/(36/(-336)) is divided by v(-3).
1
Let j(p) = -p**3 - 38*p**2 - 76*p + 122. Calculate the remainder when j(-36) is divided by 74.
44
Suppose -325 = -11*v - 14*v. Calculate the remainder when 88 is divided by v.
10
Let b = -47 - -76. What is the remainder when 115 is divided by b?
28
Let p(u) = -9*u - 10. Suppose -a = 3*o + 2 - 8, 0 = -3*o - 15. Calculate the remainder when p(-7) is divided by (-1)/(-7) + 291/a.
11
Calculate the remainder when -3 + -2 + 42 - 7 is divided by 18.
12
Let y be (-2)/(-12) + 51/18. Suppose -5*d + 2*p - 368 = 0, -y*p = -5*d + 2*p - 380. Let g = -13 - d. What is the remainder when g is divided by 20?
19
Let r = 42 + -40. Suppose -217 = -3*d - 2*g, -7*g + r*g = -4*d + 320. What is the remainder when d is divided by 16?
11
Let c = -97 - -65. Let x = 63 + c. Calculate the remainder when x is divided by 18.
13
Let c(s) be the second derivative of s**4/12 + 4*s**3/3 - 6*s**2 + 4*s. Suppose 3*b = b + 122. Calculate the remainder when b is divided by c(-11).
19
Suppose p - 2*a - 252 = 0, -3*p = 22*a - 27*a - 760. What is the remainder when p is divided by 22?
18
Let v = -70 + 8. Let t = -21 - v. Calculate the remainder when t is divided by (-13 - 1)/(2/(-3)).
20
Let w = -5 - -11. Let j be w/5*35/(-7). Let g = j + 13. Calculate the remainder when g is divided by 3.
1
Let z(m) = -31*m - 2. Let x(l) = -46*l - 3. Let d(a) = -5*x(a) + 7*z(a). Suppose 2*r - 82 - 28 = 0. What is the remainder when r is divided by d(1)?
13
What is the remainder when (2 + (-355)/(-10))/(10/60) is divided by 57?
54
Let f(d) = d**3 - 3*d**2 - 18*d + 14. What is the remainder when 136 is divided by f(6)?
10
Let a(j) = -4*j + 37. Calculate the remainder when 40 is divided by a(5).
6
Suppose 0 = -34*p + 5 + 165. Let k(m) = 2*m**2 + 4*m + 4. Calculate the remainder when k(4) is divided by p.
2
Let z = -8 + 17. Let w = -5 + z. Suppose 3*o - 13 + w = 0. Calculate the remainder when 12 is divided by o.
0
Suppose -21*s = -5*s - 96. Suppose -3*k - 97 = -2*y - s*k, k - 50 = -y. Calculate the remainder when y is divided by 21.
11
Let d(y) = -2*y**3 - 13*y**2 + 41*y + 1. What is the remainder when d(-10) is divided by 30?
21
Suppose 4*x = -4*v + 40, -39 = -4*x - 0*x - 5*v. Calculate the remainder when 36 is divided by x.
3
Suppose -15*v - 9 = -w - 14*v, 4*w - 48 = -2*v. Calculate the remainder when 83 is divided by w.
6
Suppose 2*o - b = -0*o + 9, 3*o = -b + 6. Let u(y) = y**3 - 7*y**2 + 14*y. Let w be u(4). Let z = w - o. What is the remainder when z is divided by 3?
2
Suppose -5*f + 3*f = 6, 0 = t - 2*f - 74. Suppose t = 4*g - 0*g. What is the remainder when g is divided by 6?
5
Suppose 3*x - 47 = -8. What is the remainder when 21 is divided by x?
8
Let v(k) be the first derivative of -k**3/3 + 10*k**2 - 22*k + 6. Calculate the remainder when 39 is divided by v(18).
11
Let a(h) = -5*h - 3. Let q be a(-13). Suppose 5*d - q = -4*x, x = 2*d + 11 - 2. What is the remainder when 62 is divided by x?
10
Suppose -3*o - 75 + 132 = 0. Suppose -7 = -2*w - 3. Let p = 3 + w. Calculate the remainder when o is divided by p.
4
Suppose 0 = -198*y + 208*y - 330. Calculate the remainder when 427 is divided by y.
31
Let t(j) = j + 9. Let x be t(-7). Calculate the remainder when (392 + x)/(-3 + 5) is divided by 40.
37
Let o(i) = -11*i - 6. Let t be o(5). Let j = t + 26. Let s = 49 + j. What is the remainder when 41 is divided by s?
13
Suppose w - 2*t = 3, -2*t - 7 + 40 = 3*w. Let u(x) = -x**2 + 11*x + 1. What is the remainder when u(w) is divided by 10?
9
Let c = 138 + -98. Suppose -5*l = -175 - c. Calculate the remainder when 84 is divided by l.
41
Let p(u) = 6*u + 6. Let h be -2 + 0 + 0 + 6. Let x(z) = -z + 17. Calculate the remainder when p(h) is divided by x(9).
6
Suppose 12 = -2*j + 102. Suppose -3*n = -3*t - 6*n + j, 0 = -t + 5*n - 3. What is the remainder when 31 is divided by t?
7
Suppose 0*d + 130 = 2*b + 5*d, 5*b = -4*d + 325. What is the remainder when 185 is divided by b?
55
Let x(u) = -u**2 - 5*u + 1. Let g be x(-5). Suppose -5*a = n + 18, 2*n + 5 = 4*a - 3. Calculate the remainder when 43 is divided by g*(0 + (3 - n)).
10
Let m be (-528)/54 - 3/((-54)/(-4)). Calculate the remainder when (-625)/m*(-18)/(-15) is divided by 13.
10
Suppose -9*b + 10*b - 3*d = 116, -4*b + 544 = 4*d. What is the remainder when b is divided by 70?
61
Let k(h) = -4*h - 13. Let t be k(-6). Let i = 20 - t. Calculate the remainder when 42 is divided by i.
6
Let y = 444 - 280. Calculate the remainder when y is divided by 24.
20
Suppose 5*u = 150 - 15. Suppose 0 = 4*p - 61 - 43. Let f = p + u. What is the remainder when f is divided by 28?
25
Sup